 What is c(f)?
10
Let b(w) = w**2. Suppose -4*n + 37 = 21. Let c be n + 3/(15/(-25)). Calculate b(c).
1
Let d = 8 + -5. Let c be 3/(-2)*4/d. Let j(u) = 5*u**3 + 1 - 4 - 2*u + 19*u**2 - 4*u**3 - 21*u**2 + 1. Give j(c).
-14
Let o(n) = -n**3 - 13*n**2 + 17*n + 14. Let v be (-1470)/(-84)*(12/15)/(-1). What is o(v)?
-28
Let d(m) be the third derivative of m**5/60 + m**4/8 - m**3/2 - 9*m**2 + 39*m. What is d(2)?
7
Let b(g) = -g - 5. Let c(i) = i + 4. Suppose -4*z = -9 + 25. Let y(f) = z*b(f) - 5*c(f). Calculate y(7).
-7
Suppose 0 = -2*l - 2*g - 14, -2*g - 38 = 3*l - 22. Let c(p) = -3*p**2 + 8*p - 1. Let b(i) = -5*i**2 + 15*i - 2. Let o(a) = 6*b(a) - 11*c(a). What is o(l)?
7
Let n(q) = q - 20. Let l(g) = g**2 - 17*g + 77. Let y be l(12). Calculate n(y).
-3
Let c(i) = 858 - 866 + 5*i - 2*i. Let d(u) = 2*u - 7. Let y(j) = -3*c(j) + 4*d(j). What is y(0)?
-4
Let i(o) be the third derivative of 0 + 1/24*o**4 + 0*o**3 - 4*o**2 + 0*o. Give i(5).
5
Let r(d) be the third derivative of -d**3/6 - 12*d**2. Let a(l) = 2*l - 3. Let x(w) = a(w) + 6*r(w). What is x(6)?
3
Let w(d) = -3*d + 2 - 7 + d. Let x = -159 + 154. What is w(x)?
5
Let b(y) = 5*y. Suppose o = -o + 8. Suppose -o = -5*l + 1. Give b(l).
5
Let v(i) = -2*i**2 + 16*i - 4. Let l be v(7). Let x = 15 - l. Let z(o) = 5*o**2 + 6*o - 6. Let g(p) = -p**2 + 1. Let k(w) = -6*g(w) - z(w). Give k(x).
-5
Let v be 363/44 - (-2)/(-8). Let s(b) = b**2 - 6*b - 3. Let n(w) = -3*w**2 + 18*w + 9. Let a(u) = v*s(u) + 3*n(u). Calculate a(3).
12
Suppose 0*f - 14*f + 42 = 0. Let p(o) = -2*o - f + 3 + 1536*o**3 + 1 - 1535*o**3. Determine p(1).
0
Let f(o) = 35*o**3 - o**2 + 1. Let d = -1130 - -1129. Determine f(d).
-35
Let i(t) = 1. Let b(p) = -p - p + 446 - 444. Let a(m) = -b(m) + 4*i(m). Suppose -2*w = 4 - 0. Determine a(w).
-2
Let c(s) = -35*s - 6 + 204*s**2 + 23*s - 203*s**2. Determine c(9).
-33
Let r(q) = 36*q**2 - 14*q**2 - 6 + 5*q - 21*q**2. Let l = 22 - 16. Suppose 5*d = 4*d - l. What is r(d)?
0
Let r(d) = 2*d**3 + 2*d**2 - 4*d + 4. Let h(a) = a**3 + a**2 - a. Let b(g) = -3*h(g) + r(g). Let u be (0 + 0)/((-3)/3). Calculate b(u).
4
Let h be 32/20*(-15)/(-6). Let q(b) = 6 + 8*b - 3*b + b - h*b. Calculate q(-7).
-8
Let q(k) = 3*k - 11. Suppose 42*l - 20 = 38*l. Determine q(l).
4
Let y(o) = o - 4. Suppose -2*s + 3*s = 68. Let n be 174/34 + (-8)/s. Give y(n).
1
Let u be ((-11)/22)/(1/(-6)). Let d(c) be the second derivative of -c**4/12 - 2*c**3/3 + c**2 - 7*c. What is d(u)?
-19
Let c(d) be the second derivative of -d**5/10 - d**4/3 - d**2/2 + 13*d + 6. Give c(-3).
17
Let t(x) = -1 - 6*x + 9*x**2 - x + 3*x - 29*x**2 + 16*x**2 + x**3. Give t(5).
4
Let u(f) = -f**2 + f. Let s(k) = -5*k**2 + 6*k - 38. Let m(j) = -s(j) + 6*u(j). Determine m(0).
38
Let q(j) = j**2 + 7*j + 3. Let p be (-2)/4*(15 - -3). Let x be ((-7)/(-1))/(-3*(-3)/p). Calculate q(x).
3
Let o(g) = -5*g - 2. Let l(f) = 20*f + 17. Let b(k) = 39*k + 35. Let c(h) = -6*b(h) + 13*l(h). Let j(i) = -4*c(i) - 22*o(i). Let n = 76 - 77. What is j(n)?
-6
Let n = 11 - 8. Let w(o) = -8*o + 7*o**2 - 44*o**3 + 79*o**n + 6 - 36*o**3. Calculate w(5).
16
Let h(f) be the first derivative of -5*f**4/2 + 2*f**3/3 - f**2 + f - 1. Suppose 0 = -278*w + 249*w + 29. Give h(w).
-9
Let y(w) be the third derivative of -w**6/120 + w**5/15 + w**4/24 - 5*w**3/6 + w**2 + 85*w. Calculate y(4).
-1
Let o(c) = c**3 + c + 1. Let h(r) = 2*r**3 + 3*r**2 + 7*r + 6. Let j = 134 - 131. Let q(k) = j*o(k) - h(k). Determine q(4).
-3
Let s(i) = -i**3 + 8*i**2 - 7*i - 5. Let r be s(7). Let w be (r - -3) + -1 + -3. Let t(q) = -q**2 - 4*q + 8. Calculate t(w).
-4
Let k = 165 + -171. Let d(q) = 4*q - 1. Determine d(k).
-25
Let g(k) be the third derivative of -k**4/24 - 29*k**3/6 + 7*k**2 - 57. Let j = 1 - 1. Give g(j).
-29
Let o = 5 + -14. Let w(x) = -x**3 - 10*x**2 - 8*x + 2. What is w(o)?
-7
Suppose -z + 19 = -5*p, -3*z - p = -8 - 1. Let s(w) = z*w + w + 0*w + 7 - 6*w. Give s(7).
0
Suppose -2 + 4 = -c. Let a be (-10 - 2)*(5/2 + c). Let q(j) = j + 8. What is q(a)?
2
Suppose 2*f + 3*f - 490 = 0. Suppose 4*b + 95 = w - 4*w, 0 = 4*b + 2*w + f. Let z = 21 + b. Let t(a) = a + 6. What is t(z)?
1
Let t = 9 - 10. Let c(k) = k**2 + 10*k - 13. Let g(w) = -w. Let j(r) = t*c(r) - 3*g(r). What is j(-9)?
-5
Suppose 6*j - j = -4*s + 12, 0 = 4*j + 3*s - 9. Let a(p) = p - 24. Determine a(j).
-24
Suppose 0*y + 5*y + 5*m = 430, 98 = y - 5*m. Suppose 0 = -y*h + 86*h - 4. Let k(r) = r + 4. What is k(h)?
2
Let c be 2/(-2 - (-8)/3). Let h(d) = -6*d + c*d**2 + 10*d - 3*d. Give h(1).
4
Let o(n) be the second derivative of -17*n**5/20 - n**2/2 - 305*n. Let x(p) = p**3 - 8*p**2 + 7*p - 1. Let v be x(7). Calculate o(v).
16
Suppose -29*b + 10 = -39*b. Let d(x) = 14*x**3 - x**2 - x. Let r(j) = 15*j**3 - j**2 - j. Let w(h) = 7*d(h) - 6*r(h). Calculate w(b).
-8
Let o(p) = p - 9. Let l(u) = u - 16. Let y be l(12). Let t be 3/12*y*(0 - 8). Determine o(t).
-1
Let b(p) = -3*p**2 + 4 + 5*p**2 - 3*p**2 - p + 1775*p**3 - 1774*p**3. Suppose 6*z = 12*z. Give b(z).
4
Let h(r) = -r + 7. Let c(z) = z**2 - z + 8. Suppose 3 + 2 = -v. Let p(s) = v*c(s) + 6*h(s). Determine p(-2).
-16
Let a be (70/49)/(-5) + 2/7. Let o(y) = y**3 - 2*y**2 - 13. Let z(p) = -p**3 + 3*p**2 + 13. Let u(x) = 4*o(x) + 3*z(x). Calculate u(a).
-13
Let k(f) = f - 6. Suppose -6*o + 8*o = -6, -3 = -p - 2*o. Determine k(p).
3
Let t(v) = -21*v + v**2 - 6 + 14*v + 9. Let n(f) = 9*f - 3. Let w(i) = -8*i + 2. Let r(q) = 4*n(q) + 5*w(q). Let h be r(-2). Calculate t(h).
-3
Let c(j) = 2*j**2 + 6*j**2 - j - 4*j**2. Suppose -4*k = 8, -8*k + 3*k - 58 = 4*w. Let f be (-2 + (-28)/w)*3. Give c(f).
3
Let g(a) = a**2 + 3*a - 1. Let k = 18 - 12. Let y(u) = u**2 + 8*u - 1. Let j be y(-7). Let s = k + j. Give g(s).
-3
Let l(c) = -2*c - 1. Let s(p) = 16*p - 8. Let m(i) = -3*i + 2. Let q(a) = -11*m(a) - 2*s(a). Let v be q(0). Calculate l(v).
11
Let m(g) = 5*g**2 + 5*g + 2. Let i(q) = 5*q**2 + 4*q + 2. Let x(b) = -6*i(b) + 5*m(b). Let o(h) = -6*h**2 - 3. Let c(p) = 4*o(p) - 5*x(p). Calculate c(7).
12
Let v(f) = -7*f + 9*f - 5*f**3 + 4*f**3 - 5 + 4*f**2. Calculate v(5).
-20
Let i(w) = 156*w - 2 + w**3 - 86*w - 67*w - 4*w**2. Let k(a) = 3*a. Let u be k(1). Give i(u).
-2
Let j be 4/(-8)*(-12)/(-2). Let h(s) = 3*s**2 - 3*s - 5 - 2*s**2 + 6*s + 3. Calculate h(j).
-2
Let k(r) be the second derivative of 0*r**2 + 0*r**3 + 0 - 1/120*r**5 - 5/6*r**4 - 7/720*r**6 + 11*r. Let o(v) be the third derivative of k(v). Calculate o(-1).
6
Suppose 1758*z - 4 = 1759*z. Let m(b) = -b**2 - 3*b - 6. Calculate m(z).
-10
Suppose -7 = a - 3*l - 0*l, 4*a - 57 = -5*l. Suppose -4 = 2*n - a. Let d(o) = -5*o + 1. Give d(n).
-9
Let o(l) = l**3 - 3*l**2 - 2*l. Let k be (-1 + 12/(-4) + 3)*1. What is o(k)?
-2
Let n(x) = -x**2 + 25*x - 44. Let h be n(23). Let l be h/(-4)*1 - (-10)/(-4). Let a(c) = c**2 + 2*c - 2. Calculate a(l).
1
Suppose 8 = 5*h - 2*f + 101, 4*f = 16. Let x(d) = -d**3 - 17*d**2 - 2*d - 35. Calculate x(h).
-1
Let q be 6/2 - (0/(-5))/(-4). Let t be q/(-6)*1*18/3. Let b(w) = 3*w - 11. Let m(c) = c - 4. Let f(r) = 6*b(r) - 17*m(r). Determine f(t).
-1
Let c be ((-5)/15)/((-4)/24). Suppose 0 = -5*b - c*h + 16, -b = -0*b + 3*h + 2. Let n(a) be the first derivative of a**2/2 + a - 2. What is n(b)?
5
Let b(w) = -6*w - 47. Let u(x) = -2*x - 17. Let l(n) = -3*b(n) + 8*u(n). What is l(-9)?
-13
Let f(w) = -w**3 - 6*w**2 - 2*w + 17. Let n be f(-5). Let r(j) be the third derivative of 0 - 1/24*j**4 - 1/3*j**3 + 6*j**n + 0*j. What is r(6)?
-8
Let f(m) = -2*m + 28. Let p be f(12). Suppose i + 20 = -p*q, q + 3*i + 12 = -3*q. Let a(b) = b + 10. What is a(q)?
4
Let g(n) be the first derivative of -n**2 + 15*n + 72. Determine g(8).
-1
Let l(q) = 0 + 0 + 8*q. Let n(w) = -w**2 - 24*w + 26. Let x be n(-25). Give l(x).
8
Suppose l + 5 = -8*k + 4*k, -3*l + 3 = 3*k. Let p(w) be the second derivative of w**4/12 - w**2/2 + 2*w. What is p(l)?
8
Let t(y) = 7*y**2 - 2*y - 4. Let k be t(3). Let q = 97 - k. Let v(i) = -q*i - 7*i**2 + 3*i**2 + 45*i. Calculate v(2).
-14
Let f(h) = -5*h - 16. Let w(g) = 8*g + 99. Let q be w(-13). What is f(q)?
9
Let j(q) = q**2 + 6. Suppose -6*f + 60 = -f. Let y be 0*((-4)/f - 0). Suppose y = -4*r - 0*r. Calculate j(r).
6
Suppose -10*v - 4*s + 38 = -12*v, s = -4*v - 31. Let w(p) = p**2 + 8*p - 8. What is w(v)?
1
Let l = 14 - 11.